3. Let c(f) = 4*p(f) - 5*s(f). Determine c(25).
2
Let h(v) = -13 + 1 - 20*v + 9 + 14*v**2 + 19. Let t(i) = 5*i**2 - 7*i + 6. Let s(d) = 4*h(d) - 11*t(d). Calculate s(4).
2
Let l be 2/12*-4*-9. Let g be (-8)/(-12) + 4 + (-4)/6. Suppose 0*k = k - 4*f + 6, 0 = -5*k - g*f - l. Let s(v) = -2*v**3 - v**2 + 2*v + 1. Give s(k).
9
Suppose 2*i - n = -23, -2*n - 21 = -2*i - 39. Let q(o) = -4*o**2 - 56*o + 6. Determine q(i).
6
Let k(x) = 5*x + 76. Let b = -2777 - -2761. Determine k(b).
-4
Suppose -86*a = 376*a - 49*a + 1652. Let k(t) = t + 23. Calculate k(a).
19
Let v(l) = 6449*l - 12614*l + 6163*l + l**2 + 2. Let g = -2 + 8. Give v(g).
26
Let g = 225 - 220. Suppose -4*y - g*s = -3*s - 4, -5*y + 3*s = -5. Let q(b) = 7*b. Give q(y).
7
Let b(o) = 116*o - 590. Suppose 36*q - 54 = -2 + 128. Determine b(q).
-10
Suppose 0 = -68*z + 10 - 18 + 144. Let j(s) = 20*s - 21. Determine j(z).
19
Let i be ((-11 - (2 - 3)) + -1)*-2. Let b = i - 0. Let u be 184/44 - (1 + (-18)/b). Let f(v) = -v + 5. What is f(u)?
1
Suppose -4*f = 5*k - 1103, -f + 2*k + 250 = -16. Suppose 44 - f = 38*r. Let z(d) = d**2 + 10*d - 3. Give z(r).
-27
Let n(v) = -v**2 + 84*v + 34. Let m(g) = -2*g**2 + 150*g + 67. Let s(b) = -4*m(b) + 7*n(b). Give s(13).
-17
Let h(i) = 1 - 43088*i**2 - 41*i + 3 + 43111*i**2 - i**3. Calculate h(21).
25
Let g(z) be the third derivative of -z**4 - 62*z**3/3 - 852*z**2. Determine g(-5).
-4
Let z(v) = 2*v**2 + 3*v. Let g be (-2)/(7/(-2) + 230/92). Determine z(g).
14
Let f(s) = 2*s**2 + 24*s + 29. Suppose 136 = 20*c + 356. Give f(c).
7
Let s(b) be the second derivative of -b**5/60 + 25*b**4/24 + b**3 + b**2 - 11*b - 3. Let h(f) be the second derivative of s(f). What is h(11)?
3
Let k(o) = -15*o**2 + 9*o + 19. Let u(v) = -17*v**2 + 10*v + 19. Let p(g) = -7*k(g) + 6*u(g). Let m(x) be the first derivative of p(x). What is m(-8)?
-51
Let f(w) be the second derivative of -1/6*w**3 - 4*w - 5/12*w**4 - 1 - 1/2*w**2. Calculate f(-2).
-19
Let s(x) = -x**3 + 8*x**2 - 3. Let d be (-1)/(7 + (-29)/4). Let f be (-10)/d*(160/50)/(-1). What is s(f)?
-3
Let t be ((2 - 5) + -1 - 1)/1. Let z(u) = -135*u - 4 + 141*u + 6. Calculate z(t).
-28
Let h(s) be the first derivative of s**2/2 + 5*s - 95144. Suppose -3*l = -5*n + 47, 3*l + n = -n - 19. Determine h(l).
-4
Let y(w) be the third derivative of 1/10*w**5 - 5/3*w**3 + 59 + 1/6*w**4 + 0*w + 3*w**2 + 1/120*w**6. Determine y(-5).
-5
Let f(d) = d**3 + 2*d**2 - d - 1. Suppose 0 = 3*n - 3, -3*n = 3*b + 15. Let s be (4 - 33/9)/((-1)/b). Suppose -4*t - 7 = -5*g, 4*t + s = 3*g - 7. What is f(g)?
1
Let i be -69 - -72 - -3*241. Let y(o) = i*o**2 + 730*o**2 - 1457*o**2 + 7*o - 5. Suppose -4*u + 3*u = -7. Determine y(u).
-5
Let v(w) be the first derivative of 21*w**2/2 - 3*w - 790. Give v(1).
18
Let v(s) = -3 + 56*s - 113*s + 64*s. Suppose 0 = -18*k + 16*k - 18. Let j(r) = -3*r - 25. Let f be j(k). What is v(f)?
11
Suppose 400667*j = 400643*j - 24. Let w(m) = -m - 3. Suppose 3*u + u - 4*x - 12 = 0, -3*x + 12 = 4*u. Let b(n) = -1. Let c(k) = u*b(k) - w(k). Calculate c(j).
-1
Let o(z) = -397967091*z**3 - 3*z**2 + 397967119*z**3 - 4 + 59*z**2. Calculate o(-2).
-4
Let f(k) = -268*k**2 - k**3 + 172*k**2 + 105*k**2 - 3*k - 4. Calculate f(9).
-31
Let l(q) = 3*q**2 + 1. Let x(n) = -9*n + 6. Let a be x(6). Let g = a - -51. Suppose -4*i - 2*s = -2, -5*s = -i - g*s - 12. Give l(i).
13
Let b(f) be the first derivative of -f**3/3 + 10*f**2 - 24*f - 876. Determine b(8).
72
Let w = 1 + 1. Suppose -17 = -n + 5*d, w*n = -4*d + 3*d + 1. Let a(v) be the second derivative of v**5/20 + v**4/12 - v**3/3 + v**2 - 31*v - 1. What is a(n)?
10
Suppose -29 = -4*p - 1. Let u(m) = 137*m**3 + 19*m**2 - m. Let v(x) = -434*x**3 - 59*x**2 + 3*x. Let k(s) = -19*u(s) - 6*v(s). Give k(p).
7
Let q(p) = -2*p**2 - 35*p - 21. Let z be q(-17). Let j(m) = m**3 + 6*m**2 - 3*m - 5. What is j(z)?
39
Let z(d) be the first derivative of d**5/120 - d**4/4 - 2*d**3/3 + 15*d - 136. Let y(i) be the third derivative of z(i). What is y(5)?
-1
Let w be 5 - 0/(-4 - 1). Let m be 2 - (-7 + -2) - w. Let h(r) = -r**3 + 6*r**2 + 8. Determine h(m).
8
Suppose -4*s + 32*i = 31*i - 16, 5*s - 20 = 3*i. Let b(l) = -l**3 + 0*l**2 + 7*l**2 - 4 - 4*l - 2*l**2. Determine b(s).
-4
Let n(h) be the first derivative of h**4/4 + 2*h**3 - 7*h**2/2 - 2*h + 400. Let i(m) = -m**2 + 11*m - 7. Suppose 6*j - 33 = 3*j. Let c be i(j). Give n(c).
-2
Let j(p) = -31*p**3 - 4*p - 1. Let b(z) = 68*z**3 - z**2 + 8*z + 2. Let n(k) = 6*b(k) + 13*j(k). Calculate n(3).
68
Suppose -11*r = -1346 + 1302. Let z(l) = -l**3 + 5*l**2 + 7*l - 2. Calculate z(r).
42
Let b(r) be the first derivative of r**7/840 + r**6/72 + r**5/120 - 3*r**4/4 + 2*r**3/3 - 3*r + 36. Let u(h) be the third derivative of b(h). Determine u(-4).
-6
Let p(m) = 5*m**2 - 7*m + 7. Let v be p(2). Let w(o) = 10*o - 11*o - 2 - v. Determine w(-11).
-4
Let m(y) = -y**2 - 7*y + 20. Let v = -5796 - -5785. Give m(v).
-24
Let c(r) = r**3 - r**2 - 6*r + 7. Let f be c(2). Let j(z) = 2*z**3 - z**2 - 4*z - 5. Let s(v) = -v**3 + v + 2. Let u(o) = f*j(o) - 3*s(o). What is u(3)?
38
Let g(j) = -j - 1. Let u be (-5 - -4) + -11 + 7 + -14. Let a(i) be the first derivative of -i**4/4 - 19*i**3/3 - 7*i + 1. Let q be a(u). Calculate g(q).
6
Let w(v) be the second derivative of v**4/12 + 5*v**3/3 - 5*v**2/2 + 2225*v. Calculate w(-6).
-29
Let u(d) = 10*d - 8. Let q(a) = -270*a + 215. Let j(o) = 3*q(o) + 80*u(o). Determine j(-2).
25
Let c(x) be the first derivative of x**3/6 - x**2 - 9*x - 55. Let s(g) be the first derivative of c(g). What is s(-6)?
-8
Let v = 527/8 + -1579/24. Let z(r) be the third derivative of -1/60*r**5 - v*r**4 + 0*r + 4/3*r**3 + 0 + 12*r**2. Determine z(-6).
-16
Let r(v) be the first derivative of v**3/3 + v**2/2 + v + 1660. What is r(0)?
1
Let z(n) be the second derivative of -n**4/2 + 7*n**2/2 - 148*n. Calculate z(3).
-47
Let g(f) = 286644 - 44*f - 286564 + 3*f. What is g(2)?
-2
Let a(g) = -g + 3*g - 3*g - 2. Suppose -10*y = -9*y - 14. Suppose 7*p + 0*p + y = 0. Determine a(p).
0
Let v(j) be the first derivative of -j**4/4 + j**3/3 + 3*j**2 - 6*j + 11034. Suppose -4*a - 1 = -13. Calculate v(a).
-6
Let v(d) = d**3 + 6*d**2 + 3*d + 2. Let n = -931 + 465. Let z = n - -461. Calculate v(z).
12
Suppose -2*y + 5*d = -3, 0 = -3*y - 0*y - d + 30. Let n(i) be the first derivative of -i**2/2 + 2*i + 393. What is n(y)?
-7
Let h(y) = -y**2 - 1. Let v = 77 + -71. Let f(p) = -7*p**2 + 5*p + 13. Let r(z) = v*h(z) - f(z). Give r(8).
5
Let p(s) be the first derivative of -s**4/4 + 5*s**3/3 + s**2 - 4*s + 1462. Let r(k) = -3*k + 1. Let q be r(-1). Give p(q).
20
Let r(h) be the third derivative of -h**6/120 + 17*h**5/60 + 5*h**4/6 - 13*h**3/6 + h**2 - 1266. What is r(18)?
23
Let d(k) = -2*k**2 - 23*k + 13. Let v(c) = c**2 + 12*c - 8. Let u(o) = -3*d(o) - 5*v(o). Let g = -722 - -713. What is u(g)?
1
Let a be -12*(-4)/(-21 - -5). Let t(y) = -89*y - y**3 - y**2 + 2 + 91*y + 0*y**3. Determine t(a).
14
Let a(x) = x**2 + 8*x - 9. Let o(g) = -g. Let v(f) = -a(f) - 4*o(f). Let c be v(-5). Suppose 35 = c*r + 7. Let b(w) = -w**3 + 6*w**2 + 7*w - 1. Calculate b(r).
-1
Let i(h) = -10*h - 20*h**2 - 25 - 14*h**2 + 33*h**2. Suppose -8*k - 79 = -31. Give i(k).
-1
Suppose 5*q + 4*n + 26 = -9, -2*n = -q + 7. Let s(k) be the third derivative of -1/6*k**4 + 0 + 0*k - 1/3*k**3 + k**2 + 1/30*k**5 + 1/120*k**6. What is s(q)?
1
Let m(t) = t**3 - 9*t**2 + 26*t - 123. Let y be m(8). Let v(x) = x**3 - 23*x**2 + 42*x + 5. Determine v(y).
5
Let v(s) = -5*s**2 + 5*s - 2. Let w = 1931 - 1928. What is v(w)?
-32
Let w(f) be the first derivative of f**4/4 - 8*f**3/3 + 4*f**2 - 13*f - 651. Let r = -364 - -371. What is w(r)?
-6
Suppose 17 = 2*n + 13. Suppose 0 = -4*g - 0*g + 5*w - 13, n*g - 5*w = -19. Let m(y) = g*y**2 - 1 - 2*y**2 + y**2 + 7*y. Determine m(-5).
14
Let d be (130/25)/((-4)/20). Let t = 29 + d. Let z be -1 - ((t - -3) + -1). Let b(f) = -f**3 - 6*f**2 + f + 6. What is b(z)?
0
Let x(m) = 14*m**3 - 113*m**2 + 6*m + 21. Let d be x(8). Let z(u) = 0*u - 2 + 2*u + 0*u + u**3 - 6*u**2. Calculate z(d).
-17
Let n(o) be the second derivative of o**7/2520 + 7*o**6/720 - o**5/120 + o**4 + o**2/2 + 49*o. Let i(l) be the third derivative of n(l). Give i(-4).
-13
Let y = 586 - 581. Suppose y*c + 45 = 2*z, -3*z + 5 = -2*z. Let a(d) = -